1 + (22 - 5).
0
-1 - -8 - ((1 - -24) + -30 + 24)
-12
25 + -8 - (15 - -1)
1
What is -20 - -4 - ((13 - 6) + -10)?
-13
What is (19 - -5) + -21 + 0 + 0?
3
Calculate (5 - -8) + (-10 - -5) - (18 - 29).
19
What is the value of 4 + (-9 - (0 - 16)) + (-5 - 4)?
2
Evaluate -1 + -3 + -2 + (-4 + 19 - 5).
4
Evaluate 5 + -1 - (334 + -312 - (1 - -13)).
-4
Calculate -28 + 19 + (-15 - -9).
-15
7 + (-4 - (-14 + 20))
-3
(16 - (-1 - -2)) + (-79 - -70)
6
(-24 - (20 - 89)) + -32
13
Evaluate 6 + 10 + -1 + (-3 - 4).
8
What is the value of (5 + 1 - 14) + (1 - -6)?
-1
What is the value of ((-5 - -10) + -6 - (0 + 2)) + 12?
9
Evaluate 3 + 7 + -44 - -7 - -12.
-15
45 - 49 - (0 + -2)
-2
What is the value of -27 - -35 - (-9 + 6 - 3)?
14
What is (-5 + 4 - 6) + 17 - (-3 + 12)?
1
What is 47 - -1 - (19 - (27 + -25))?
31
What is -1 - ((-14 - -27) + (-5 - -16))?
-25
What is -29 + -2 - -79 - 30?
18
Calculate 31 + (-69 - (7 + -24)).
-21
Calculate -4 + -1 + (-5 - 3) + -1.
-14
0 + (0 - (-1 - 1)) + (-122 - -132)
12
Calculate (-29 + 26 - (-6 + -2)) + -16.
-11
-9 - (-1 - (24 - 7)) - 2
7
0 + 0 + -1 - (-7 - 13 - -21)
-2
Calculate 6 + (-73 - -36) + 64.
33
What is (11 - (-13 - -14)) + -38 + (-1 - -1)?
-28
2 + (11 + 0 - (-23 + 30))
6
Evaluate -28 + 18 + -9 + (-3 - -6).
-16
What is the value of -29 - ((-38 - -20) + 3)?
-14
2 + (20 + -6 + -4 - (-2 + 7))
7
4 - (-5 + 7 + -3 + -6 + 12)
-1
144 + -143 - (-2 - (5 - 8))
0
What is 24 + -13 + -18 - 5?
-12
What is 2 - (-2 - -1 - (29 + -28))?
4
Calculate 6 + (-2 - -1) - 8 - -7 - 35.
-31
(10 - -4) + 29 + -43
0
What is -4 + -1 - (-3 - (1 - 9 - -7))?
-3
What is the value of 7 - (8 + -8 + 2) - 13 - -30?
22
Evaluate (-6 - (-23 + 3)) + (-16 - -14) - 1.
11
Evaluate 4 + 7 + (-59 - -36).
-12
What is the value of (0 - (-2 + 5 + 3 + 8)) + 4?
-10
What is the value of (0 - 2) + -29 - (16 + -26)?
-21
-5 + 21 + (-87 - -83)
12
245 + -248 + 2 + 0
-1
What is -10 + 7 - (-3 - (-7 + (0 - 4)))?
-11
-17 - -13 - (-1 - (-3 - -4) - -3)
-5
8 + -46 + 20 + 39
21
Calculate (-14 - (-4 + 12)) + -11 + 3 + 6.
-24
Evaluate (7 - 1) + (13 + -11 - -8).
16
What is -7 + 7 + (4 - 14) + -11?
-21
What is the value of -6 - (-7 + (-8 - -4) + -6 + 7)?
4
12 + (-25 + 11 - -24)
22
Calculate -3 + 10 + 2 + (26 - (-31 + 60)).
6
Evaluate 21 + (-17 - -1) + -9.
-4
What is -21 - ((-92 - -96) + (0 - 3))?
-22
What is the value of (0 - (-5 + 1)) + (-11 + 70 - 52)?
11
-235 + 211 - (2 + -14)
-12
-20 + (19 - -7) - (-4 - 0)
10
Evaluate 38 + 0 - (-222 - -269).
-9
3 + 0 + -1 + (-31 - (-22 + -8))
1
Calculate 8 - (17 + 1 - (19 - 0)).
9
What is -1 + (-2 - 1) + (-18 - -39) + -11?
6
What is the value of 6 + 19 + 3 - (7 - 0)?
21
Calculate 2 + 0 - (1 + (-12 - (7 + -6))).
14
Calculate (13 - 1) + 1 + -12.
1
What is the value of (101 - 94) + 1 + -5 + -7?
-4
-20 + 32 + 10 + -5
17
What is (0 - (-1 - 3)) + (-2 + -12 - -3)?
-7
(9 - (3 + (0 - 0))) + 52 + -70
-12
What is -16 + (9 + -6 + -4 - -46)?
29
Evaluate (-4 - 0) + -5 + -2 + -2.
-13
Calculate 8 - (-6 + 5 - (-1 + -6 - -1)).
3
What is 4 + -5 - (-6 + 2)?
3
What is 11 + (0 - 2) - 0?
9
(-3 - (6 + 2)) + (4 - -2 - -1)
-4
-2 + -6 + -14 + 14 + 2
-6
Evaluate 13 - 0 - 16 - -18.
15
What is the value of (-11 - -3) + 8 + -19 + 5 + 4?
-10
-11 + 11 + -4 + (-4 - -9) + -2
-1
Calculate 1 + (0 - 6) - (521 + -519).
-7
What is (-6 - (5 - (10 + -2))) + 16 + 7?
20
Calculate (-26 - -12) + 20 - (-3 + 16).
-7
Evaluate -3 + 30 + -16 + -13.
-2
Calculate (48 - 70 - -28) + (1 - 32).
-25
-14 - (33 + -29 - 34)
16
What is 16 + 2 + 26 + -41?
3
Calculate 13 + (27 - 32) + 9.
17
Calculate -77 - -61 - (-3 + 3).
-16
-6 - -3 - (9 + -7 + 5 + -21)
11
What is -23 - -15 - -24 - 5?
11
What is the value of 6 - (-33 + 49 - 1)?
-9
Calculate 12 + (117 - 127 - (0 - -1)).
1
What is -16 + -5 + -2 + 22 + -12 + 8?
-5
What is the value of -9 + -14 + 45 + -27?
-5
-8 - 0 - (-229 + 205)
16
Evaluate (38 + -4 - (0 + -4)) + -16.
22
Evaluate -8 - (-5 - (-1 + 1)) - (1 + -3).
-1
-3 + (-1 - (2 + (6 - 6))) + 16
10
Evaluate -1 - 3 - -3 - (-53 - (34 - 99)).
-13
What is -20 + 44 + 7 + -16?
15
(-3 - (12 - 1)) + (-13 - 11 - -20)
-18
What is the value of -4 - (-13 - -9 - (2 + -7 + -1))?
-6
(1003 - 990) + 2 + -16 + 1
0
What is 19 + -9 + 16 + -14 + (0 - -6)?
18
-15 + 16 + (13 - 24)
-10
-7 + 9 + -10 + -3 - -9
-2
Calculate -3 - 12 - (12 - (27 + -24)).
-24
Calculate -3 - (13 + (-10 - (-2 + -4))).
-12
Calculate -9 + 13 + -23 + 6 + -8.
-21
Calculate (-1062 - -1064) + (7 - 0).
9
What is -6 - (-6 + (-9 - -18))?
-9
Evaluate -15 + 0 - (-31 + 21).
-5
What is 3 + -21 + 2 + 59 + -50?
-7
What is -4 + (-2 + 12 - 16) + (-1 - 1)?
-12
What is the value of 5 + (12 - 3) + -3?
11
Calculate 10 + 0 + -9 + 6 + 7 + -3.
11
Evaluate 5 + -3 - -8 - (-17 - -60).
-33
What is (-9 - (2 + 7)) + 59 + -10?
31
17 - (20 - 19 - 0)
16
What is the value of (14 - 5 - -15) + -12?
12
What is the value of -26 + (-8 - (-2 + -3 + 8 + -15))?
-22
What is -5 + -9 + 19 - (17 + -1) - -6?
-5
Calculate (21 - (11 - -5)) + -1 + 1 + 3.
8
Evaluate 20 - (-20 + 7 + 14).
19
Calculate 8 + 1 + (-3 - 0) + (9 - 16).
-1
0 + 0 + 5 - (3 + -7 + 18)
-9
What is the value of -11 - (257 - 253 - (14 + 0))?
-1
Calculate (-5 - -12) + -10 - -9.
6
What is 6 - -1 - (5 + (7 - 2) - -4)?
-7
Evaluate -2 + 2 + 2 - 4.
-2
What is the value of -1 + -2 + 7 - (4 + -13 + 11)?
2
What is 5 + (7 + -16 + 5 - -1)?
2
Calculate 19 + -13 + (3 - 0 - 0) - -3.
12
Evaluate (8 + -2 - 4) + 4.
6
Calculate 26 + (-3 - -13) + -7 + (3 - 1).
31
Calculate (-20 - (-1 - 30)) + (-2 + 1 - 5).
5
Evaluate 6 + -3 + (-16 - -10).
-3
Evaluate (9 - 3) + (4 - (-4 + 4)) + 1.
11
Calculate 14 + -1 + (-5 - -14 - 1) + -8.
13
What is the value of -8 + (-4 + -1 - -6) + 3 + -4?
-8
-58 + 69 - (15 - -2)
-6
Evaluate 1 - (-2 + (-1 - -5) + -15).
14
-39 + 7 + 35 - (1 + -3)
5
What is the value of -17 - -20 - 6 - (-4 - 0)?
1
Calculate (-119 - -137) + -2 + 2 + (-1 - 1).
16
Evaluate -9 + -1 - (39 - -7 - 20 - 8).
-28
What is the value of -88 - (-133 - -42) - (-1 + 1 + -10)?
13
Calculate 1 - 28 - (-5 - 3).
-19
-4 - (29 + (-55 - -30))
-8
What is the value of 6 + -8 + (0 - -2) - (-16 - -2)?
14
What is the value of 5 + 2 + -5 + (-1 - -2 - -4)?
7
Evaluate (-32 - -37) + -9 + 5 + -2.
-1
What is -4 + -18 + 10 + 25?
13
What is (61 - 54) + -13 + -5?
-11
What is (-10 - -2) + -1 + (3 - 0)?
-6
-2 - -1 - (-28 - -7)
20
(73 + -50 - 39) + 5 + 2
-9
Calculate 13 + (-22 - -8) - -8.
7
Calculate (-2 - 18) + 2 + 23 + -22.
-17
What is (9 - 9) + -7 + 1 + 5 + -7?
-8
Evaluate (28 - -26 - 25) + -13.
16
What is 17 - 25 - (21 + -7 + 10 + -5)?
-27
Calculate 8 - (-10 + -17 - -55).
-20
Evaluate -26 - ((-88 - 2) + 32).
32
16 + (-5 - 1) + -2 + 2 + 2
12
Calculate -19 + (6 + -20 + 17 - (-1 + -3)).
-12
What is -26 + 1 - (-29 - -7 - -21)?
-24
What is the value of 27 + (4 - (1 + 6))?
24
What is the value of 17 - -1 - (-5 + -8 + 27 - 5)?
9
What is 17 - (2 + -4) - (-23 + -23 + 45)?
20
Evaluate 0 + 0 - ((27 - 18) + -32 + 17).
6
What is 1 - -9 - (-10 + 8 + -4 + 7)?
9
(16 + -31 - -3 - -37) + (2 - -1)
28
(-1 - -13) + (-114 - -81)
-21
What is (6 - 26) + 18 - -16?
14
Calculate -5 - (3 + 3 + -8).
-3
What is -29 - (27 - 38) - -20?
2
What is 1 + -12 + (7 - (-11 + 15))?
-8
Evaluate (-1 - 0) + -33 + (31 - (18 + -4)).
-17
What is (2 - -1 - 11 - -2) + (97 - 102)?
-11
What is the value of (72 - 48) + 4 + -3?
25
What is the value of 11 + (-14 - -6 - -11) - 3?
11
What is the value of (-162 - -175) + 0 + -2 + -36?
-25
Evaluate 23 - ((2 + -12 - -16) + 10).
7
1 + (-4 + -4 + -7 + 7 - -8)
1
Evaluate (-3 + -1 + 3 - 3 - -8) + 13.
17
What is the value of -4 - (1 + -2) - (-167 + 175)?
-11
Evaluate -2 - (-8 - -10) - (9 + -11 + 35).
-37
What is 7 - ((-6 - -10) + 7 - 6) - -30?
32
What is -8 - -18 - (1 - (-13 - (-3 - 4)))?
3
Calculate 0 + 2 + (-18 - (-6 + 1 - -3)).
-14
Calculate 0 + -1 + (-6 - -7) + (18 - -6).
24
Calculate (-24 - -12 - -4) + -20 - -9.
-19
Calculate -23 - (-5 - (5 + -3)) - (-4 - 2).
-10
0 - 9 - (45 + -53)
-1
Evaluate (3 + -4 - 3) + -6 + 15.
5
Calculate -133 - -119 - (6 - 35).
15
(0 - 4) + -18 + (-19 - -55)
14
What is 3 - (-17 + 12 - (0 + -13 + 2))?
-3
Calculate -116 - -100 - (-1 - 5).
-10
What is (9 - 12) + 22 + 9 + -13?
15
(-14 - (-13 - -5)) + 2
-4
What is the value of 14 + 4 + 2 + -12 - 3?
5
Calculate 2 - ((0 - -4 - -9) + -3).
-8
What is -7 - -6 - (-14 + 9 + -7)?
11
What is 6 - (21 + -3) - (0 - 31)?
19
Calculate 13 - (6 - (9 + -3)).
13
Wha